
What is the remainder when 505112 is divided by 140?
132
Calculate the remainder when 12962 is divided by 20.
2
Calculate the remainder when 116107 is divided by 10.
7
Calculate the remainder when 2572 is divided by 820.
112
What is the remainder when 18143 is divided by 43?
40
Calculate the remainder when 34691 is divided by 34674.
17
What is the remainder when 40686 is divided by 547?
208
Calculate the remainder when 12200 is divided by 1741.
13
Calculate the remainder when 16563 is divided by 159.
27
Calculate the remainder when 4669496 is divided by 330.
326
Calculate the remainder when 7530 is divided by 7433.
97
What is the remainder when 4980 is divided by 968?
140
What is the remainder when 7934 is divided by 16?
14
Calculate the remainder when 591191 is divided by 1103.
1086
What is the remainder when 3740 is divided by 111?
77
Calculate the remainder when 2904659 is divided by 33.
32
Calculate the remainder when 593228 is divided by 296605.
18
Calculate the remainder when 5738 is divided by 956.
2
What is the remainder when 16474 is divided by 8237?
0
Calculate the remainder when 25185 is divided by 232.
129
What is the remainder when 7933 is divided by 1447?
698
Calculate the remainder when 8306 is divided by 2637.
395
Calculate the remainder when 23334 is divided by 1292.
78
Calculate the remainder when 63199 is divided by 25.
24
What is the remainder when 15678 is divided by 383?
358
What is the remainder when 11936 is divided by 26?
2
Calculate the remainder when 1917 is divided by 1189.
728
Calculate the remainder when 1043 is divided by 901.
142
Calculate the remainder when 1250 is divided by 178.
4
Calculate the remainder when 8521 is divided by 155.
151
Calculate the remainder when 589584 is divided by 3595.
4
What is the remainder when 695 is divided by 2?
1
What is the remainder when 12466 is divided by 12163?
303
What is the remainder when 10526 is divided by 5230?
66
What is the remainder when 130113 is divided by 265?
263
What is the remainder when 903 is divided by 308?
287
Calculate the remainder when 65537 is divided by 10914.
53
Calculate the remainder when 3233 is divided by 39.
35
Calculate the remainder when 120427 is divided by 77.
76
What is the remainder when 130858 is divided by 241?
236
What is the remainder when 220539 is divided by 2162?
15
What is the remainder when 39286 is divided by 38?
32
Calculate the remainder when 156287 is divided by 132.
131
What is the remainder when 54749 is divided by 60?
29
Calculate the remainder when 279558 is divided by 6.
0
What is the remainder when 147750 is divided by 33?
9
What is the remainder when 792 is divided by 526?
266
What is the remainder when 22872 is divided by 78?
18
Calculate the remainder when 1888 is divided by 211.
200
Calculate the remainder when 46452 is divided by 163.
160
Calculate the remainder when 3662 is divided by 1205.
47
Calculate the remainder when 94078 is divided by 109.
11
What is the remainder when 259785 is divided by 86591?
12
Calculate the remainder when 47235 is divided by 569.
8
Calculate the remainder when 21356 is divided by 857.
788
Calculate the remainder when 159643 is divided by 214.
213
Calculate the remainder when 2099 is divided by 194.
159
Calculate the remainder when 931 is divided by 723.
208
What is the remainder when 1904667 is divided by 31?
27
What is the remainder when 3948 is divided by 492?
12
Calculate the remainder when 44323 is divided by 22156.
11
What is the remainder when 30820 is divided by 312?
244
Calculate the remainder when 5271 is divided by 644.
119
Calculate the remainder when 160959 is divided by 63.
57
Calculate the remainder when 21702 is divided by 1668.
18
What is the remainder when 327 is divided by 241?
86
What is the remainder when 983779 is divided by 39?
4
Calculate the remainder when 150684 is divided by 286.
248
Calculate the remainder when 388498 is divided by 37.
35
Calculate the remainder when 152563 is divided by 105.
103
What is the remainder when 18001 is divided by 581?
571
Calculate the remainder when 7707 is divided by 1440.
507
What is the remainder when 1180957 is divided by 1936?
1933
What is the remainder when 18704 is divided by 18702?
2
What is the remainder when 789307 is divided by 28?
15
What is the remainder when 10344 is divided by 640?
104
Calculate the remainder when 130 is divided by 34.
28
Calculate the remainder when 413 is divided by 71.
58
What is the remainder when 392734 is divided by 16?
14
What is the remainder when 105078 is divided by 166?
0
Calculate the remainder when 80614 is divided by 40301.
12
What is the remainder when 2296 is divided by 1516?
780
Calculate the remainder when 724 is divided by 125.
99
Calculate the remainder when 183643 is divided by 2267.
16
Calculate the remainder when 2246 is divided by 1112.
22
Calculate the remainder when 78710 is divided by 864.
86
What is the remainder when 10441 is divided by 3464?
49
Calculate the remainder when 1053 is divided by 90.
63
Calculate the remainder when 272068 is divided by 1591.
7
Calculate the remainder when 30427 is divided by 307.
34
What is the remainder when 90878 is divided by 2522?
86
Calculate the remainder when 964 is divided by 851.
113
What is the remainder when 430272 is divided by 107567?
4
What is the remainder when 4448 is divided by 184?
32
Calculate the remainder when 1554 is divided by 315.
294
Calculate the remainder when 1429 is divided by 290.
269
Calculate the remainder when 2377 is divided by 341.
331
What is the remainder when 449 is divided by 35?
29
Calculate the remainder when 2652 is divided by 662.
4
What is the remainder when 7134 is divided by 7126?
8
What is the remainder when 17713 is divided by 37?
27
What is the remainder when 77184 is divided by 14?
2
What is the remainder when 2962119 is divided by 70?
69
What is the remainder when 34984 is divided by 108?
100
What is the remainder when 117674 is divided by 52?
50
What is the remainder when 24039 is divided by 961?
14
What is the remainder when 1240851 is divided by 139?
137
What is the remainder when 65663 is divided by 199?
192
What is the remainder when 58795 is divided by 365?
30
Calculate the remainder when 306598 is divided by 163.
158
What is the remainder when 209772 is divided by 23?
12
What is the remainder when 499802 is divided by 409?
4
What is the remainder when 16042 is divided by 174?
34
Calculate the remainder when 20294 is divided by 155.
144
Calculate the remainder when 2136320 is divided by 297.
296
What is the remainder when 118564 is divided by 63?
61
What is the remainder when 3831 is divided by 179?
72
What is the remainder when 66885 is divided by 72?
69
What is the remainder when 36237 is divided by 120?
117
What is the remainder when 17781 is divided by 1616?
5
Calculate the remainder when 1909 is divided by 21.
19
What is the remainder when 650 is divided by 168?
146
What is the remainder when 33811 is divided by 498?
445
What is the remainder when 20755 is divided by 3443?
97
Calculate the remainder when 5594 is divided by 156.
134
What is the remainder when 98 is divided by 72?
26
Calculate the remainder when 365024 is divided by 25.
24
Calculate the remainder when 32315 is divided by 170.
15
Calculate the remainder when 501467 is divided by 497.
491
Calculate the remainder when 373 is divided by 45.
13
What is the remainder when 7096319 is divided by 11?
10
What is the remainder when 6969 is divided by 991?
32
Calculate the remainder when 2386 is divided by 2367.
19
What is the remainder when 6797 is divided by 2261?
14
What is the remainder when 7723 is divided by 856?
19
What is the remainder when 1311 is divided by 381?
168
Calculate the remainder when 71670 is divided by 788.
750
What is the remainder when 1529751 is divided by 17?
6
Calculate the remainder when 19847 is divided by 12.
11
What is the remainder when 755301 is divided by 75528?
21
Calculate the remainder when 6452 is divided by 3212.
28
Calculate the remainder when 4193 is divided by 2325.
1868
What is the remainder when 25489 is divided by 14?
9
Calculate the remainder when 10034 is divided by 1236.
146
What is the remainder when 32717 is divided by 2726?
5
What is the remainder when 1547 is divided b